*h, -4*t - h - 1 - 1 = 0. Suppose -5*d + 5*n + 55 + 30 = t, 5*d = -5*n + 35. Suppose 0*c + d = 3*c. List the prime factors of c.
2
Let k be 6*1/(-8)*-4. Suppose -k*q = -4*q + 8. List the prime factors of q.
2
Let x(b) = b**3 - 14*b**2 - 8*b + 34. List the prime factors of x(15).
139
Let o(w) = 1. Let m(b) = -b - 10. Let t(g) = -m(g) - 4*o(g). Suppose 29 = 5*v + 4. What are the prime factors of t(v)?
11
Let g(b) = 8*b**2 - 3*b + 1. Let o be 2 + -1 + (0 - -1). List the prime factors of g(o).
3
Let z = -75 - -132. Suppose 4*n - z = -5*w, w = -n - 3*n + 5. List the prime factors of w.
13
Let q(v) = -6*v**3 - 2*v**2 - v. Let s be q(-1). Let c(z) = -z**3 + 4*z**2. Let x be c(4). Suppose n - s*n + 20 = x. List the prime factors of n.
5
Let x = 135 - 0. List the prime factors of x.
3, 5
Let c be 6/27 - 32/(-18). Suppose 24 = c*s + 2. What are the prime factors of s?
11
Suppose 5*z + 10 = -2*k, 3*k + 0*z + z = 11. Suppose -5 = -l + k. List the prime factors of l.
2, 5
Suppose -6*z = -5*u - 11*z + 190, -2*u + 97 = -5*z. What are the prime factors of u?
41
Suppose -29 - 1 = -5*t. Suppose t = -2*q - 3*k, 0 = -q - q + 4*k - 6. Let o = q + 16. List the prime factors of o.
13
Let i(j) = 4*j**2 + 5*j - 25. List the prime factors of i(5).
2, 5
Let g(f) be the first derivative of -f**3/3 + 7*f**2/2 + 4. Suppose -3*u + 2*u + 3 = 0. What are the prime factors of g(u)?
2, 3
Let u = -12 + 6. Let n = 8 + u. List the prime factors of n.
2
Suppose 3*c + 2*t - 2 = 0, -c - 18 = 3*t - 7. Suppose 0 = -d + c + 13. What are the prime factors of d?
17
Suppose 4*k - 590 = -k. Suppose 0 = -5*r - q + 229, 2*q = 5*r - k - 99. What are the prime factors of r?
3, 5
Let z(q) = 12*q**2. Let w be z(1). Let b = 3 + w. List the prime factors of b.
3, 5
Let a = 4 - 1. Suppose -q + a*g = 2*q - 27, 5*g = 3*q - 35. What are the prime factors of q?
5
Suppose 0 = -3*k + 12, -5*j + 21 + 1 = -2*k. Suppose -2*i + j*i - 36 = 0. What are the prime factors of i?
3
Suppose 7*a + 40 = 17*a. Let c = 0 - 0. Suppose a*x + 16 = 0, -5*x = -c*w + 2*w. What are the prime factors of w?
2, 5
Let z(j) = -j + 6. Let x be (3/2)/(1/(-4)). List the prime factors of z(x).
2, 3
Let d be (9/2)/((-9)/12). Let v(w) = -3*w - 3. What are the prime factors of v(d)?
3, 5
Suppose 4*o - o = 126. List the prime factors of o.
2, 3, 7
Let g(v) = -v**3 - 4*v**2 + 4. Let l be g(-4). Suppose -26 = -2*r - l. What are the prime factors of r?
11
Let h(q) be the first derivative of -9*q**2/2 - 2*q + 3. List the prime factors of h(-4).
2, 17
Let o = 172 + -120. List the prime factors of o.
2, 13
What are the prime factors of (380 - 48/(-8))/(2/1)?
193
Suppose 2*k = 2*v - 6, -4*v = -3*k - 7 - 0. Let t be 0 - (8 + 2 + -3). What are the prime factors of t/v - (-3)/6?
2
Let y be 2/3*234/(-12). List the prime factors of (2 - y) + 0/(-2).
3, 5
Let z(f) = -f**3 + 9*f**2 - 5*f + 7. Let w be z(8). Let q = -16 + w. What are the prime factors of q?
3, 5
Suppose 0 = -3*o - 2*v - 2*v - 8, -2*o - 5*v - 3 = 0. Let r = o - -23. What are the prime factors of r?
19
Suppose 0 = w - 3*w. Let k = w + 42. What are the prime factors of k?
2, 3, 7
Let l(f) = -16*f + 1. Let b = -11 + 10. What are the prime factors of l(b)?
17
Suppose -3*x = -114 - 60. What are the prime factors of x?
2, 29
Let h = -12 + 26. Let j be -10 + 2/((-3)/(-3)). Let t = j + h. What are the prime factors of t?
2, 3
Let z = -5 + 4. Let w(t) = -t**3 + t**2. Let x be w(z). What are the prime factors of (1 + -7)*(-3)/x?
3
Suppose -2*w - 11 = -0*u - u, 26 = 4*u - 2*w. What are the prime factors of u?
5
Let q be (-2 - -4) + (33 - 6). Suppose -10 = b + 5*i - q, -2*b = 4*i - 56. List the prime factors of b.
2, 17
Let g = 1 + -10. List the prime factors of 30/g*-6 - -1.
3, 7
Suppose -60 = -5*u - 5*q, 3*u + q + 3*q = 35. List the prime factors of u.
13
Let v(s) = s + 8. Suppose -g - 32 = 5*n, 4*n = -2*g + 5*g - 37. Let c be v(n). List the prime factors of 1/(1/(12 - c)).
11
List the prime factors of 259 + ((6 - -2)/(-4))/2.
2, 3, 43
Let p = -7 - -27. Suppose -p = -5*c + i, 3*i + 12 = 3*c + 5*i. What are the prime factors of c?
2
Let p = -9 + 12. Suppose 0 = 3*q, 2*q - p*q = -2*k + 10. What are the prime factors of k?
5
Let k(u) = 2*u**2 + 6*u - 6. Let m be k(-5). Let a = m - 5. List the prime factors of a.
3
Let j = 34 + 1. What are the prime factors of j?
5, 7
Let n(u) = -14*u**2 - 2*u - 1. Let h be n(-1). Let v = h + 24. What are the prime factors of v?
11
Suppose 0 = 2*t + 2*t + r - 338, 5*t + 4*r - 428 = 0. List the prime factors of t.
2, 3, 7
Suppose 3*r = -18 + 9. Suppose 0 = 2*z - z + 5. Let a = r - z. List the prime factors of a.
2
Suppose w - 6*n - 99 = -5*n, -n - 200 = -2*w. List the prime factors of w.
101
Let n = -274 + 557. What are the prime factors of n?
283
Let o be 0 + (-3)/2*-2. Suppose 5*t = -o*s + 6*s + 280, 2*t - 4*s = 126. Let f = t + -38. What are the prime factors of f?
3, 5
Suppose 4*y - 196 = -0*j - j, 104 = 2*y - j. What are the prime factors of y?
2, 5
Let n(h) = h**2 + 2*h - 5. Let c be n(-4). Suppose -20 = -b + 5*o - c, o + 61 = 5*b. What are the prime factors of b?
2, 3
Suppose -2*a = 5*a - 56. Suppose 2*x - a = -4, -4*p - 5*x + 158 = 0. What are the prime factors of p?
37
Let i(j) = j**2 - j + 4. Let k be i(0). Suppose 0 = -k*w - 3*s + 51, 2*s = -4*w - 0*w + 54. List the prime factors of w.
3, 5
Let u(y) = -y**2 + 19*y - 13. What are the prime factors of u(10)?
7, 11
Let o = 2 - 2. Let r = o + 4. Suppose 0 = 3*w - r*w + 16. What are the prime factors of w?
2
Let k = 35 + -17. Let j = -11 + 17. Suppose -2*v = -j - k. What are the prime factors of v?
2, 3
Let f(p) = -p**3 + 7*p**2 + 3*p - 14. Let h be f(7). Let t = 15 - h. List the prime factors of t.
2
Let q = 192 + -106. List the prime factors of q.
2, 43
Suppose 5*c - 76 - 434 = 0. List the prime factors of c.
2, 3, 17
Suppose -4*s + 32 = -0. What are the prime factors of s?
2
Let h be 1/1 - 3/(-1). Suppose p + 5*i = -2*p - 26, h*p + 26 = 2*i. Let d = 13 + p. List the prime factors of d.
2, 3
Let l(s) = 5*s - 6. Let x(t) = -14*t + 18. Let p(u) = -11*l(u) - 4*x(u). Let n be p(10). Suppose n*q = -0*q + 48. List the prime factors of q.
2, 3
Let j(r) = -14*r. Let p be j(-3). Suppose -3*s - 6 = p. List the prime factors of ((-21)/(-28))/((-1)/s).
2, 3
Let i = 13 - 16. What are the prime factors of (0 + i)/((-2)/4)?
2, 3
Let n(j) = j**3 + 5*j**2 + 3*j - 4. Let c be (2/(-2))/(1/(-9)). Suppose 0*p = 3*p + c. List the prime factors of n(p).
5
Suppose 5*m = 25 - 5. Suppose m*v = 2*v + 56. What are the prime factors of v?
2, 7
Let o be ((-4)/(-6))/((-4)/6). Suppose 9 = 4*u - 7. List the prime factors of (18/u)/(o/(-2)).
3
What are the prime factors of (-15)/(-6)*472/10?
2, 59
Let g(b) = b**3 + 11*b**2 + 13*b + 7. Let i be g(-10). Suppose 11 = 3*f - 94. Let h = f + i. What are the prime factors of h?
2, 3
Suppose -v = -2*l - 7, -3*v + 6*v + l - 7 = 0. Let s(u) be the first derivative of u**4/4 - u**3/3 - 3*u**2/2 - 2. What are the prime factors of s(v)?
3
Let w(f) be the first derivative of 4*f**3/3 - 2*f**2 + 3*f + 3. List the prime factors of w(2).
11
Suppose 0*y + 48 = 3*y. Let j = 24 - y. List the prime factors of j.
2
Let o(f) = 2*f**3 - 18*f**2 + 4*f + 10. List the prime factors of o(9).
2, 23
Suppose 4*o + 5*x - 58 = 0, 3*o - 2*o + 4*x = 20. List the prime factors of o.
2, 3
Let v(t) = -t**3 + 3*t**2 + t - 3. Let l be v(3). Suppose 0 = -l*f - 2*f. Suppose -2*r = -f*r - 18. List the prime factors of r.
3
Let r be 1/(2/6 + 0). Suppose 4*a + r = -1. List the prime factors of a + 13 - 0/2.
2, 3
Suppose -5*i = 5*y - 50, -y + 10 = -2*y + 3*i. Suppose -4 = -y*r - 2*m - 5, -5*r - 10 = 5*m. List the prime factors of (9 - 2/2)/r.
2
Let l(z) = -z**3 + 4*z**2 - z - 2. Let d = 5 + 0. Suppose d*u - 13 = 2. What are the prime factors of l(u)?
2
Suppose -360 = -2*p - 116. What are the prime factors of p?
2, 61
Let g(v) = v**2 + 3*v + 4. Let w be g(-3). Let r = w + -4. Suppose 4*o - 2*o - 28 = r. What are the prime factors of o?
2, 7
Let y(g) = g**3 + 6*g**2 - 4*g + 2. Let n(a) = a**3 - a**2 + a + 1. Let t(c) = 2*n(c) - y(c). Let j be t(6). Let m = -22 - j. List the prime factors of m.
2, 7
What are the prime factors of (-280)/(-7) - (-2)/(-2)?
3, 13
Let y(u) = -5*u. Let i(q) = -q**2 - 14*q - 6. Let x be i(-14). List the prime fa